{"id":5,"date":"2015-12-02T18:52:22","date_gmt":"2015-12-02T18:52:22","guid":{"rendered":"http:\/\/biesiadaliteracka.pl\/?page_id=5"},"modified":"2016-12-09T08:11:34","modified_gmt":"2016-12-09T08:11:34","slug":"o-biesiadach","status":"publish","type":"page","link":"http:\/\/biesiadaliteracka.pl\/?page_id=5","title":{"rendered":"O Biesiadzie"},"content":{"rendered":"<p><a href=\"http:\/\/biesiadaliteracka.pl\/wp-content\/uploads\/2015\/12\/IMG_0083-e1433858528980.jpg\"><img loading=\"lazy\" decoding=\"async\" class=\"size-medium wp-image-54 alignleft\" src=\"http:\/\/biesiadaliteracka.pl\/wp-content\/uploads\/2015\/12\/IMG_0083-e1433858528980-300x225.jpg\" alt=\"IMG_0083-e1433858528980\" width=\"300\" height=\"225\" srcset=\"http:\/\/biesiadaliteracka.pl\/wp-content\/uploads\/2015\/12\/IMG_0083-e1433858528980-300x225.jpg 300w, http:\/\/biesiadaliteracka.pl\/wp-content\/uploads\/2015\/12\/IMG_0083-e1433858528980-1024x768.jpg 1024w, http:\/\/biesiadaliteracka.pl\/wp-content\/uploads\/2015\/12\/IMG_0083-e1433858528980.jpg 1200w\" sizes=\"auto, (max-width: 300px) 100vw, 300px\" \/><\/a>Biesiada Literacka w Domu Literatury to najpopularniejsza impreza literacka organizowana przez Oddzia\u0142 Warszawski Stowarzyszenia Pisarzy Polskich. Od 2017 roku odbywa si\u0119\u00a0w ostatni\u00a0wtorek ka\u017cdego miesi\u0105ca z wyj\u0105tkiem wakacji. Ka\u017cdy z prowadz\u0105cych zaprasza\u00a0jednego go\u015bcia, z kt\u00f3rym rozmawia o jego ostatniej ksi\u0105\u017cce, rekomenduje te\u017c jedn\u0105 publikacj\u0119. Piotr Wojciechowski odczytuje sw\u00f3j zgrabny i dowcipny felieton dotycz\u0105cy spraw bie\u017c\u0105cych. Ka\u017cda biesiada trwa p\u00f3\u0142torej godziny. Jej r\u00f3\u017cnorodno\u015b\u0107 i dynamik\u0119\u00a0doceniaj\u0105 uczestnicy, kt\u00f3rych z ka\u017cd\u0105 kolejn\u0105 biesiad\u0105 przybywa.<\/p>\n","protected":false},"excerpt":{"rendered":"<p>Biesiada Literacka w Domu Literatury to najpopularniejsza impreza literacka organizowana przez Oddzia\u0142 Warszawski Stowarzyszenia Pisarzy Polskich. Od 2017 roku odbywa si\u0119\u00a0w ostatni\u00a0wtorek ka\u017cdego miesi\u0105ca z wyj\u0105tkiem wakacji. Ka\u017cdy z prowadz\u0105cych zaprasza\u00a0jednego go\u015bcia, z kt\u00f3rym rozmawia o jego ostatniej ksi\u0105\u017cce, rekomenduje te\u017c jedn\u0105 publikacj\u0119. Piotr Wojciechowski odczytuje sw\u00f3j zgrabny i dowcipny felieton dotycz\u0105cy spraw bie\u017c\u0105cych. Ka\u017cda <a href=\"http:\/\/biesiadaliteracka.pl\/?page_id=5\" class=\"more-link\">[&hellip;]<\/a><\/p>\n","protected":false},"author":1,"featured_media":0,"parent":0,"menu_order":1,"comment_status":"closed","ping_status":"closed","template":"","meta":{"footnotes":""},"class_list":["entry","page","publish","author-admin","post-5"],"_links":{"self":[{"href":"http:\/\/biesiadaliteracka.pl\/index.php?rest_route=\/wp\/v2\/pages\/5","targetHints":{"allow":["GET"]}}],"collection":[{"href":"http:\/\/biesiadaliteracka.pl\/index.php?rest_route=\/wp\/v2\/pages"}],"about":[{"href":"http:\/\/biesiadaliteracka.pl\/index.php?rest_route=\/wp\/v2\/types\/page"}],"author":[{"embeddable":true,"href":"http:\/\/biesiadaliteracka.pl\/index.php?rest_route=\/wp\/v2\/users\/1"}],"replies":[{"embeddable":true,"href":"http:\/\/biesiadaliteracka.pl\/index.php?rest_route=%2Fwp%2Fv2%2Fcomments&post=5"}],"version-history":[{"count":8,"href":"http:\/\/biesiadaliteracka.pl\/index.php?rest_route=\/wp\/v2\/pages\/5\/revisions"}],"predecessor-version":[{"id":426,"href":"http:\/\/biesiadaliteracka.pl\/index.php?rest_route=\/wp\/v2\/pages\/5\/revisions\/426"}],"wp:attachment":[{"href":"http:\/\/biesiadaliteracka.pl\/index.php?rest_route=%2Fwp%2Fv2%2Fmedia&parent=5"}],"curies":[{"name":"wp","href":"https:\/\/api.w.org\/{rel}","templated":true}]}}